What is 7 (base 12) in base 14?
7
-21 (base 4) to base 14
-9
0 (base 5) to base 12
0
Convert -60 (base 16) to base 7.
-165
What is -23 (base 7) in base 5?
-32
What is 1 (base 2) in base 7?
1
What is -7 (base 15) in base 2?
-111
Convert 0 (base 9) to base 2.
0
What is 23 (base 12) in base 3?
1000
Convert 200 (base 3) to base 8.
22
Convert 10101100 (base 2) to base 6.
444
Convert -101 (base 2) to base 11.
-5
What is 12 (base 10) in base 5?
22
What is -8 (base 15) in base 9?
-8
-a (base 13) to base 12
-a
What is -574 (base 8) in base 3?
-112002
What is 76 (base 9) in base 2?
1000101
-4 (base 9) to base 2
-100
Convert 21 (base 3) to base 13.
7
Convert 141 (base 10) to base 2.
10001101
-3 (base 15) to base 11
-3
Convert 32 (base 4) to base 5.
24
-2 (base 4) to base 16
-2
Convert 0 (base 16) to base 12.
0
25 (base 7) to base 10
19
Convert -4 (base 6) to base 15.
-4
What is -10 (base 11) in base 5?
-21
Convert -112 (base 3) to base 8.
-16
1 (base 13) to base 3
1
Convert -6 (base 15) to base 16.
-6
-218 (base 13) to base 2
-101100111
-6 (base 9) to base 12
-6
Convert 3 (base 11) to base 9.
3
Convert a2 (base 16) to base 7.
321
Convert 1 (base 9) to base 12.
1
Convert 1100 (base 2) to base 12.
10
What is 4 (base 8) in base 2?
100
What is 4a (base 14) in base 3?
2110
-72 (base 14) to base 15
-6a
What is 314 (base 7) in base 3?
12212
What is -2213 (base 4) in base 7?
-326
Convert -5 (base 12) to base 4.
-11
-44 (base 9) to base 14
-2c
-241 (base 5) to base 8
-107
What is -1101 (base 2) in base 13?
-10
Convert -110 (base 2) to base 15.
-6
Convert 101 (base 2) to base 12.
5
-1110 (base 5) to base 11
-131
71 (base 9) to base 5
224
What is -130 (base 4) in base 7?
-40
Convert -1222 (base 4) to base 9.
-127
What is -35 (base 6) in base 12?
-1b
3 (base 11) to base 10
3
Convert 7 (base 15) to base 10.
7
112 (base 4) to base 6
34
Convert 3 (base 10) to base 6.
3
What is 12 (base 3) in base 13?
5
Convert -2 (base 10) to base 16.
-2
-9 (base 10) to base 13
-9
-411 (base 7) to base 10
-204
What is -121 (base 12) in base 13?
-100
Convert 5 (base 9) to base 4.
11
Convert -a (base 14) to base 8.
-12
What is -2 (base 3) in base 9?
-2
10001 (base 2) to base 3
122
121 (base 3) to base 9
17
What is -2c (base 14) in base 2?
-101000
-111012 (base 3) to base 8
-544
Convert 9 (base 13) to base 6.
13
What is -10 (base 2) in base 13?
-2
What is 40 (base 7) in base 12?
24
What is 0 (base 5) in base 10?
0
-b (base 15) to base 12
-b
Convert 1022 (base 3) to base 5.
120
What is -24 (base 6) in base 2?
-10000
Convert -1200 (base 5) to base 11.
-14a
What is 10 (base 14) in base 5?
24
Convert 2 (base 15) to base 5.
2
Convert 22 (base 3) to base 9.
8
-1120 (base 3) to base 16
-2a
1 (base 8) to base 10
1
Convert -22 (base 8) to base 16.
-12
4 (base 7) to base 8
4
4 (base 14) to base 10
4
What is -5 (base 7) in base 4?
-11
-5 (base 15) to base 10
-5
What is -1011 (base 2) in base 9?
-12
Convert -2 (base 7) to base 10.
-2
What is -2 (base 6) in base 13?
-2
7 (base 13) to base 4
13
Convert -55 (base 8) to base 5.
-140
What is -1011 (base 2) in base 15?
-b
-125 (base 9) to base 8
-150
What is -221 (base 3) in base 14?
-1b
What is 131 (base 6) in base 13?
43
What is -4 (base 9) in base 2?
-100
Convert 2001 (base 5) to base 10.
251
-3 (base 4) to base 3
-10
What is e (base 15) in base 5?
24
What is -19 (base 10) in base 7?
-25
Convert 7 (base 16) to base 15.
7
Convert 4 (base 11) to base 14.
4
What is -50 (base 13) in base 6?
-145
12001 (base 3) to base 2
10001000
What is -154 (base 8) in base 14?
-7a
Convert 343 (base 7) to base 13.
109
What is -4 (base 15) in base 2?
-100
What is -43 (base 11) in base 9?
-52
25 (base 9) to base 8
27
18 (base 11) to base 4
103
25 (base 9) to base 4
113
-21 (base 7) to base 4
-33
Convert -225 (base 7) to base 9.
-140
What is 2 (base 14) in base 7?
2
What is 274 (base 9) in base 12?
171
What is -27 (base 8) in base 10?
-23
Convert 36 (base 8) to base 14.
22
Convert -10 (base 4) to base 3.
-11
Convert -100 (base 2) to base 15.
-4
Convert 11 (base 5) to base 4.
12
-10 (base 14) to base 15
-e
What is 81 (base 12) in base 6?
241
What is 13 (base 5) in base 12?
8
-1000 (base 3) to base 8
-33
-196 (base 11) to base 10
-226
-13 (base 4) to base 15
-7
What is -2021 (base 4) in base 14?
-9b
-1a (base 13) to base 2
-10111
What is 0 (base 5) in base 2?
0
-201 (base 5) to base 6
-123
Convert -50 (base 16) to base 11.
-73
Convert 103 (base 4) to base 10.
19
-25 (base 8) to base 7
-30
203 (base 9) to base 8
245
Convert 31 (base 4) to base 8.
15
-11 (base 4) to base 7
-5
What is 5 (base 11) in base 10?
5
Convert -38 (base 11) to base 4.
-221
-11111 (base 2) to base 12
-27
What is 0 (base 10) in base 9?
0
200 (base 7) to base 6
242
What is -3 (base 14) in base 7?
-3
What is 5 (base 11) in base 6?
5
What is -3 (base 15) in base 13?
-3
What is -11 (base 11) in base 10?
-12
Convert -223 (base 7) to base 8.
-163
Convert -3 (base 14) to base 16.
-3
What is -145 (base 14) in base 4?
-10001
13 (base 9) to base 7
15
Convert -33 (base 7) to base 3.
-220
Convert 120 (base 3) to base 14.
11
What is 121 (base 8) in base 11?
74
What is 68 (base 16) in base 10?
104
104 (base 12) to base 11
125
What is 6 (base 10) in base 13?
6
What is 111 (base 2) in base 7?
10
1 (base 14) to base 8
1
What is 8 (base 14) in base 15?
8
What is 3 (base 6) in base 9?
3
What is -2 (base 12) in base 3?
-2
What is 1202 (base 3) in base 6?
115
Convert -11 (base 3) to base 11.
-4
What is -26 (base 9) in base 12?
-20
What is -9 (base 15) in base 13?
-9
What is -2 (base 16) in base 8?
-2
-123 (base 4) to base 2
-11011
What is 30 (base 8) in base 14?
1a
Convert -12 (base 3) to base 7.
-5
3 (base 15) to base 3
10
What is 5 (base 7) in base 13?
5
Convert -5 (base 8) to base 7.
-5
Convert -1111 (base 2) to base 8.
-17
Convert -3 (base 9) to base 10.
-3
Convert -2 (base 11) to base 16.
-2
44 (base 9) to base 5
130
22 (base 14) to base 7
42
-16 (base 16) to base 6
-34
Convert -25 (base 11) to base 10.
-27
-9b (base 12) to base 9
-142
Convert -4 (base 5) to base 16.
-4
c (base 15) to base 7
15
What is -13 (base 7) in base 9?
-11
Convert 1c (base 16) to base 6.
44
12 (base 13) to base 2
1111
-1 (base 10) to base 14
-1
Convert -134 (base 5) to base 12.
-38
-1 (base 10) to base 11
-1
What is 524 (base 7) in base 8?
407
51 (base 15) to base 6
204
-4 (base 15) to base 2
-100
Convert 2 (base 13) to base 11.
2
What is -111 (base 5) in base 16?
-1f
Convert 1 (base 16) to base 9.
1
-10000100 (base 2) to base 11
-110
Convert 100 (base 2) to base 10.
4
121 (base 4) to base 7
34
Convert -31 (base 7) to base 12.
-1a
-144 (base 9) to base 6
-321
3 (base 14) to base 3
10
What is 1 (base 8) in base 15?
1
-3 (base 10) to base 12
-3
What is -107 (base 11) in base 10?
-128
Convert -82 (base 11) to base 5.
-330
What is 11000 (base 3) in base 7?
213
What is 3 (base 12) in base 8?
3
Convert -20 (base 8) to base 7.
-22
-3 (base 6) to base 3
-10
Convert 6 (base 11) to base 13.
6
-36 (base 10) to base 13
-2a
Convert 40 (base 11) to base 13.
35
Convert -10 (base 6) to base 13.
-6
What is 0 (base 11) in base 14?
0
-14 (base 15) to base 8
-23
What is 67 (base 14) in base 9?
111
Convert 4 (base 9) to base 8.
4
What is -177 (base 10) in base 4?
-2301
-53 (base 7) to base 15
-28
What is 81 (base 11) in base 9?
108
What is -7 (base 15) in base 5?
-12
Convert c (base 16) to base 10.
12
18 (base 11) to base 3
201
What is 234 (base 7) in base 15?
83
Convert 122 (base 8) to base 9.
101
What is 0 (base 2) in base 5?
0
-122 (base 5) to base 11
-34
What is e (base 16) in base 15?
e
Convert -2 (base 11) to base 10.
-2
Convert -7e (base 16) to base 15.
-86
Convert 6 (base 11) to base 10.
6
0 (base 3) to base 8
0
b (base 14) to base 4
23
2 (base 4) to base 12
2
Convert 10111 (base 2) to base 4.
113
What is 12 (base 9) in base 2?
1011
Convert 32 (base 4) to base 11.
13
What is 1010 (base 4) in base 3?
2112
5 (base 16) to base 4
11
What is 4 (base 12) in base 15?
4
What is 63 (base 7) in base 10?
45
What is -1101 (base 2) in base 7?
-16
Convert 6 (base 12) to base 2.
110
-53 (base 6) to base 4
-201
Convert -7 (base 16) to base 12.
-7
Convert 10 (base 3) to base 2.
11
Convert -45 (base 13) to base 16.
-39
What is 50 (base 8) in base 11?
37
What is 4 (base 6) in 